he tens digit of g(x)?
1
Let y(x) = -x**3 + 9*x**2 + 9*x + 13. Let v be y(10). What is the units digit of 1/v + 4/6?
1
Let q = 5 + 13. What is the units digit of q?
8
Suppose 0 = -2*i - 0*i + 5*k + 55, 0 = -2*k - 10. Suppose 5*n = 3*b - 34, 0 = b + b + 5*n + 19. Let l = i - b. What is the tens digit of l?
1
Let z(u) = -u**3 + 2*u**2 + 2*u - 2. Let h be z(2). Suppose h*b = -b - 60. What is the units digit of ((-25)/b)/(1/4)?
5
Suppose v + 4*v - 285 = 0. What is the tens digit of v*(2 + 8/(-6))?
3
Let c(k) = 3*k - 2. Let o be c(3). Let x be ((-18)/15)/(9/30). Let j = o + x. What is the units digit of j?
3
Let c be 6*(3 - 6)*-1. Let h = c - 11. What is the units digit of h?
7
Let o(q) = -q**3 + 11*q**2 + 7*q + 19. What is the units digit of o(11)?
6
What is the tens digit of (-3 - -87) + (-6 - -2)?
8
Suppose -48 = 4*o + o + m, -2*o = m + 21. Let k = 17 + o. What is the units digit of k?
8
Let u = -3 + 2. Let w be -4*(0 + u) + 0. Let t = w + -3. What is the units digit of t?
1
Suppose 0 = t + 5. What is the units digit of (-3 - t)*3*2?
2
Let c be 5 + (-4 - 1*-2). Suppose 2*k = -r + 59, -c*r - 4 = r. Suppose 6*b = b + k. What is the units digit of b?
6
Suppose -d + 0 = -2. Suppose -l - d*q = -10, 3*l + 3*q - 19 = l. What is the units digit of l?
8
What is the units digit of 4/18 + (-1120)/(-63)?
8
Suppose -2*y + 113 + 48 = -5*b, 0 = -4*b - 20. What is the units digit of y?
8
Let d(m) = 4*m**2 - 4*m - 24. What is the units digit of d(6)?
6
Let c(m) = m**2 - m - 3. Let d be c(3). Suppose -4*j + 107 = d*w, 2*w + 27 + 101 = 5*j. What is the units digit of j?
6
Let h(v) = 2*v + 2. Let p(u) = u + 2. Let r(q) = -3*q**3 - q. Let i be r(1). Let w(x) = i*h(x) + 5*p(x). What is the units digit of w(-4)?
4
Suppose -1 + 4 = -i. Let t be (-2)/(i*(-4)/(-18)). Let c = t - 1. What is the units digit of c?
2
Let p = 0 + -2. Let h be (1/p)/((-2)/128). Let j = h + -19. What is the tens digit of j?
1
What is the units digit of 4/(-14) + (-732)/(-14) + 1?
3
Suppose -5*w - n = -3*w - 83, -4*n = -5*w + 214. What is the tens digit of w?
4
Let y = 4 + -8. Let s be y*(2 + -3)/(-1). Let c = -3 - s. What is the units digit of c?
1
Suppose -5*p + 3*f = -22 - 2, f - 14 = -2*p. Let w = p - 2. What is the units digit of w?
4
Suppose 0 = -5*t + 9*t - 220. Suppose 87 = 4*j - p, 4*j - 2*p = t + 35. What is the tens digit of j?
2
Let r = -5 - 7. Let i = -7 - r. Suppose 102 = i*l + 27. What is the tens digit of l?
1
Let k be -4 + -2 + 9/3. What is the units digit of (-3)/k + 3 + 0?
4
Let q be 15*(8 + 1/(-1)). Suppose -4*n + 3*u = -0*n - q, -3*u - 129 = -5*n. What is the tens digit of n?
2
Let d be (-3)/4 - (-55)/20. Suppose 0 = d*u + 3*u - 140. What is the units digit of u?
8
Let q(n) = -n**3 - 8*n**2 + n - 5. Let x(d) = -7*d**2 - 1. Let c be x(-1). Let r be q(c). Let k = -4 - r. What is the units digit of k?
9
Let d(y) = y**2 + 8*y - 9. Let b be d(-9). Let q = 6 + b. Let p = q + -3. What is the units digit of p?
3
Let x = 18 - 22. Let m = 13 + x. What is the units digit of m?
9
Let l = -19 - -22. Suppose -l*c - c + 4 = 0. What is the units digit of c?
1
Let p(n) = n**3 - 7*n**2 - n - 12. Let s = -16 + 24. What is the tens digit of p(s)?
4
Let y(k) = -2*k + 1. Let t be y(-5). Let s = 9 + t. What is the tens digit of s?
2
What is the units digit of (-73)/(6/4*6/(-9))?
3
Suppose -4*j + j = -1230. What is the units digit of j?
0
Suppose -2*d + 12 = 2*z, -3*d + 19 - 5 = 4*z. Suppose 0 = w - 2*w + d. Suppose 0 = 4*x - w + 2. What is the units digit of x?
2
Let b(y) = 2*y**2 + 8*y - 9. What is the tens digit of b(4)?
5
Let l(j) = -6*j**3 + 8. What is the hundreds digit of l(-3)?
1
Suppose -3*g = 2*u - 6, 4*g = -g + u + 10. Let i = 14 + g. What is the units digit of i?
6
Let n be (-8)/(-1) + (1 - -1). Suppose 2*u - 8 = n. What is the units digit of u?
9
Let g(y) = 2 - 5 + 2 + 13*y. What is the units digit of g(1)?
2
Suppose o - 3*z - 151 = -0*z, 2*z - 302 = -2*o. What is the tens digit of o?
5
Let p = -3 + 6. Suppose 0 = p*h - 5*j + 7, 1 - 2 = j. What is the tens digit of 2/h + (-75)/(-6)?
1
Let l be (-3 - -2)/(-1) + 4. Suppose 0 = l*o - 103 - 52. What is the tens digit of o?
3
Let j(k) = 2*k**2 + 8*k - 10. Suppose 3*s + 17 = -4. What is the units digit of j(s)?
2
What is the tens digit of 35/2*16*14/35?
1
Let l(t) = 7*t - 7. What is the tens digit of l(4)?
2
Suppose 0*u = -u + 65. What is the tens digit of u?
6
Let k(r) = r + 19. Let v be (1 - -7)/(1 + 0). Suppose 2*s - s = -v. What is the tens digit of k(s)?
1
Suppose -3*v = s - 5*s - 67, -4*v + 82 = 2*s. Let i = v + 13. Suppose -5*l + i = -21. What is the units digit of l?
1
Let i(x) = -x**2 - x**2 + 3*x**2 + 1 - 2*x. What is the units digit of i(5)?
6
Suppose j + 623 = 4*m, j + 1 = 2. What is the tens digit of m?
5
Let g be 21*(-1 - 1)/(-2). Let w = 38 - g. Suppose -4*s = 3*l - w - 4, 2*s + l = 9. What is the units digit of s?
3
Suppose 0 = -5*l - 3*s + 194, -6*s + 89 = 2*l - s. What is the units digit of l?
7
Let i = 17 - 7. What is the units digit of i?
0
Let v be 1/2*(-1 + 1). Let x(b) = b**3 + b + 9. What is the units digit of x(v)?
9
Let n(y) = y**2 + 2*y + 1. Let v be n(-1). Let o = 12 + v. What is the units digit of o?
2
Let q(p) = p**3 + 1 + 2*p - 5*p + 0. Let f be q(2). What is the units digit of 6/(-18) - (-43)/f?
4
Suppose -5*v + 87 = -2*v. What is the units digit of v?
9
Let y be 1/(-1)*(-20)/5. Suppose s - 52 + 16 = y*a, 3*a + 63 = 3*s. What is the units digit of s?
6
Let h(j) = -3*j**3 - 3*j**2 - 2*j + 3. What is the tens digit of h(-3)?
6
Let q be ((-12)/(-18))/(4/(-6)). Let y = 4 + q. What is the units digit of y?
3
Let p = -82 - -125. What is the units digit of p?
3
Let z be 1*(-1 - 5*-1). Let a = z - 14. Let v = 18 + a. What is the units digit of v?
8
Suppose 0 = 78*a - 82*a + 176. What is the units digit of a?
4
Let j(b) = -11*b - 1. Let x be j(-2). Suppose 5*g - 18 + 83 = 0. Let m = x + g. What is the units digit of m?
8
Let u(t) = t**3 + 7*t**2 + 8*t - 2. Let s be u(-6). Let o = -20 - 1. Let x = s - o. What is the units digit of x?
7
Suppose -4*c + o + 41 = 0, 2*o = -5*c + o + 40. What is the units digit of 1*c + (-9)/3?
6
Suppose -2*v + v = 4*v. Suppose -r = 1, -3*r + 5 = -5*j + 28. Suppose -f = m + j*m + 8, v = 4*m + 20. What is the tens digit of f?
1
Let k = -19 + 22. Let j = k - -16. What is the tens digit of j?
1
Suppose -3*m - 14 = -104. Suppose q - 2*l - 11 = 0, 6*q - q = 5*l + m. What is the units digit of q?
1
Suppose -13*w = -16*w + 375. What is the hundreds digit of w?
1
Suppose 7 = 4*f - 13. What is the units digit of 2/f - (-148)/5?
0
Let c = 691 - 409. What is the tens digit of c?
8
Let u = 3 - 1. Suppose -21 = -z + 3*y - 2, 0 = u*z + y - 45. What is the units digit of z?
2
What is the units digit of (8/6)/(12/252)?
8
Suppose 0 = 5*v + 7 - 17. Let h(i) = -i**3 + 4*i**2 - 4*i + 2. Let r be h(v). Suppose -7*a = -r*a - 50. What is the units digit of a?
0
Suppose i - 2*i = -6. Let b = -4 + i. Suppose 2*c = -3*l + 9, -2*c - b*c - 2*l = -22. What is the units digit of c?
6
Let z(n) = -n + 6. Let l be z(6). Suppose l = -2*t + 46 + 8. What is the tens digit of t?
2
Suppose 140 = t + 3*t. Let d = t + -15. What is the units digit of d?
0
Suppose -14 = 4*t + 6, 5*u + 3*t - 175 = 0. Suppose u + 2 = 5*m. What is the units digit of m?
8
Suppose -4*a - 4 = 2*c + c, -2*a - 3*c = 8. Suppose 3*p + 10 = 4*p + b, a = -b. What is the units digit of p?
2
Suppose 2*h + 7 = 2*q + h, -h - 17 = -4*q. Suppose 16 = -b + q*b. Suppose m - 2 = 3*s - 4*s, 2*s = -4*m - b. What is the units digit of s?
6
Suppose 6*f - 4*f = -4*c + 54, -4*c - 3*f + 53 = 0. Let x(i) = i - 2. What is the units digit of x(c)?
2
Suppose 0*n - 3*n - 6 = 4*m, -m - 11 = -4*n. Suppose -z + r = 4*r - 51, -n*r = -4*z + 176. What is the units digit of z/12 + 3/12?
4
Let c be (-1)/(-3) - (-9)/(-27). What is the units digit of -3 + c + -2 + 6?
1
Let w = 10 + -6. Let s = 0 + w. What is the units digit of s?
4
Let v = -155 - -268. What is the units digit of v?
3
Let t(z) = -4*z + 0*z**3 + 3*z - 6*z**2 + 7 + z**3. Let n be t(6). What is the units digit of 8 - (0 + (2 - n))?
7
Let v(t) = -4*t - 4. What is the tens digit of v(-4)?
1
Let k(d) = 0 + 1 - 3*d**2 - 4*d + 2*d**2 + 2*d**2. What is the units digit of k(4)?
1
Suppose -6*s = -2*s. Suppose 3*k + 2 - 11 = s. What